3 - 2*r**2 + r - 3. Suppose -4*d - 15 + 3 = 0. Let s be a(d). Let f(o) = o. Give f(s).
3
Let n(s) = 3*s**2 - 11*s + 3. Let d(z) = 4*z**2 - 17*z + 5. Let v(t) = 5*d(t) - 8*n(t). What is v(-2)?
-21
Let x(k) be the second derivative of -k**7/2520 - k**6/120 - k**5/30 + k**4/4 - k. Let q(m) be the third derivative of x(m). Let f = 8 - 13. What is q(f)?
1
Suppose -3*q - 2 = -8. Let w = -9 - -12. Let r(u) = 4*u - 4 - q*u + u**3 - w*u**2 + 2 + 4. What is r(2)?
2
Let h(s) = s**3 + 4*s**2 + s + 2. Suppose 3*l + 2 = 2*a, 0 = -8*l + 3*l - 3*a - 35. Determine h(l).
-2
Let v(d) = d + d - 4*d + 0*d. What is v(-2)?
4
Let a(s) = -s**2 - 4*s - 2. Let n be a(-3). Let x = 1 + n. Let u(v) = -v - 4*v + 4*v. Give u(x).
-2
Let w(j) = j + 5. Let p(k) = -k + 1. Let d(g) = -2*p(g) + w(g). Give d(-6).
-15
Let k(p) = -p**3 + 5*p**2 - 4*p - 1. Let h be (-2)/(((-21)/(-6))/(-7)). What is k(h)?
-1
Let p(y) be the third derivative of -y**6/120 - 7*y**5/60 - 7*y**4/24 + 2*y**3/3 + 69*y**2. Let b = 3 + -9. Determine p(b).
10
Let o(q) = -q + 3. Let s be o(-3). Let x(i) = 2*i - 9. Let a be x(s). Let u(n) = -4*n**2 - 4*n + a*n + n**3 + 5*n. Calculate u(3).
3
Let n = -6 - -11. Let g(d) = 3*d**3 + 2 - d**2 - n*d + 0 - 2*d**3. Let y be 4 + (-1 - 2 - -2). Determine g(y).
5
Let f(c) = -c**3 - 4*c**2 - 3*c + 3. Let u be f(-3). Suppose 0 = 2*k + 2 - 12. Let a(g) = -4*g + k + 3*g - 5 + 1. What is a(u)?
-2
Let r be (-143)/(-4) + (-5)/(-20). Let a(o) = -21*o - 16*o + r*o. What is a(2)?
-2
Let b(v) = 581*v**3 - 8*v**2 + 4 - 582*v**3 - 3. Give b(-8).
1
Let u = -13 - -8. Let i(v) = 2*v + v - 2*v - 7. Determine i(u).
-12
Let d = 3 - 4. Let b be 2/(d/(6/(-4))). Let y(n) = b*n + 3*n - 5*n + 1. Calculate y(-2).
-1
Let f be 0/(-4)*1/(-3). Let i(x) = -x**3 - 4*x**2 + 6*x + 4. Let g be i(-5). Let k = g - f. Let b(o) = -2*o - 1. Calculate b(k).
1
Let g(o) = -5 + 155*o**3 + 4*o**2 + 2 - o - 154*o**3. Let h be 1 + 1 - (-1 + -1). Suppose -h*p - 12 = -p. Calculate g(p).
1
Let x(k) = k**2 - 6. Let y be x(0). Let i(g) be the first derivative of 7*g - 2*g**2 - 1 - 1/3*g**3. Calculate i(y).
-5
Let n be -4*(-1)/((-12)/(-15)). Let m(t) = 2*t - 1 + 4 - 3*t**2 + 0*t + 0. Let v(l) = -7*l**2 + 3*l + 6. Let x(b) = 5*m(b) - 2*v(b). Give x(n).
-2
Let a = -74 - -72. Let m(w) = 2*w**3 - w**2 - 2*w + 1. What is m(a)?
-15
Let w(f) = f + 9. Suppose 13*d = -21 - 44. What is w(d)?
4
Suppose 0 = -3*z - 2 - 22. Let g be 2 + (z - 1) + 2. Let t(y) = -3*y**2 - 7 + y**2 - y**3 - 2*y**2 + 3*y. Determine t(g).
3
Suppose -17 = m + 4*s, -4*m + 6*m = -3*s - 19. Suppose -5*k = -9 + 39. Let f = m - k. Let o(x) = -3*x**3 + x**2 + x - 1. Determine o(f).
-2
Let j(o) = -2*o**2 - 2. Let n(p) = 2*p**2 - p + 3. Let x(g) = -4*j(g) - 3*n(g). Determine x(2).
13
Suppose -2*z = -3*w + 2, z - 1 = 2*w - 2. Let j(b) = -b**3 + b**2. Let s(o) = 4*o**3 + 2*o**2 - 2*o - 1. Let p(h) = 4*j(h) - s(h). Calculate p(z).
9
Suppose 0 = 3*k + 5*h - 5 - 21, 16 = 4*h. Let j(m) be the first derivative of -m**2 + 13*m - 2. Let s(z) = -z + 6. Let y(w) = 3*j(w) - 7*s(w). Give y(k).
-1
Suppose 4 = -3*l + 16. Let y(a) = 0*a + 3*a + 0 - 1 + l*a. Give y(1).
6
Let p(t) = -4*t**2 + 1 + 6*t + 5*t**2 + 3. Suppose 15 = 3*w, 19 = -2*o - 3*w + 70. Let c be (-4)/o + (-136)/36. What is p(c)?
-4
Suppose 0*i = 3*i - 9. Suppose w - 8*c + i*c = -5, -2*w + 6 = -2*c. Let y(l) = -4 - l**2 - 2 + 5*l + l. Calculate y(w).
-1
Let i(g) = 2*g**2 + 4*g - 4. Let k be i(-4). Suppose 4*z - k = -0*z. Suppose 0 = z*o - 18 + 6. Let c(t) = t**2 - 5*t + 6. What is c(o)?
2
Let n(p) = p - 5. Suppose -s + 7 - 13 = 0. Let t(x) = -x**2 - 5*x + 6. Let y be t(s). What is n(y)?
-5
Suppose 2*u + 2 = 5*c - 25, 0 = -2*c - 5*u + 5. Suppose c = -0*g + g. Let o(l) = -l**2 + 5*l + 7. Calculate o(g).
7
Suppose -2*d + 5*v = -0*d - 8, -2*d = -v. Let f be d*(1 + 0)*0. Let j(l) = -15*l - l**2 + 8 + 11*l + f - 3. Calculate j(-6).
-7
Let f(x) = -3*x - 1. Let r(l) be the third derivative of 5/24*l**4 - 1/60*l**5 + 0 + 0*l - 1/3*l**3 + 2*l**2. Let o be r(5). Determine f(o).
5
Let j(s) be the third derivative of 1/60*s**5 + 1/3*s**4 + 0*s - 4*s**2 + 0 - 1/2*s**3. Calculate j(-8).
-3
Suppose 5*x + 4 - 19 = -5*q, -q = 3*x - 3. Let h(v) = v**3 - 3*v**2 - 2*v + 1. Give h(q).
-5
Suppose 3*d - 21 = -3*j, -7 = 3*d - 5*j - 4. Suppose -d = -k - 11. Let t(n) = n**3 + 7*n**2 + 6. Calculate t(k).
6
Let o(c) = -c + 3. Let a(i) = 2*i - 7. Let f(q) = -6*a(q) - 15*o(q). Calculate f(2).
3
Suppose -b = -5*w + 27, 3*b + 3 = -w + 3*w. Let g(y) = y**3 - 6*y**2 - y + 2. Calculate g(w).
-4
Let q(u) = u**2 - 4*u - 6. Suppose m - 2*h - 7 - 2 = 0, 5*m - 4*h = 33. Give q(m).
-1
Let j(z) = z - 4. Let l be j(5). Let r = l + 3. Let b(t) = 14*t**2 - 8*t - 14. Let n(u) = 5*u**2 - 3*u - 5. Let q(k) = -6*b(k) + 17*n(k). Calculate q(r).
3
Let x(t) be the second derivative of 1/20*t**5 - t**2 + 0*t**3 + 5/12*t**4 - 4*t + 0. Give x(-5).
-2
Suppose 2*m + 2 = 16. Let f = m + -12. Let h(j) = j**3 + 6*j**2 - 5*j - 4*j**2 + 2*j**2 - 5. What is h(f)?
-5
Suppose 0 = -3*r + r. Let i(z) = -2 + z**2 + 7*z - 11*z + r*z. Let q = -4 + 8. Calculate i(q).
-2
Let z(p) = 6*p**3 + p**2 - 4. Let n = -4 - 1. Let q(u) = u**3 - 1. Let d(t) = n*q(t) + z(t). Determine d(-2).
-3
Suppose -10*o + 5*o + 30 = 0. Let m(f) = f**3 + 15*f**2 - 16*f + 3. Let c be m(-16). Let x(j) = 7*j**2 - 2 - 13*j**2 + o*j**2 - j**c. Determine x(0).
-2
Let a(z) be the first derivative of 0*z + 1/3*z**3 - 7/2*z**2 + 3. Calculate a(5).
-10
Suppose -4 = -i - 2. Let t(a) = -4 + 5 - i*a + 5*a. Let o(n) = 2*n + 1. Let r(j) = 4*o(j) - 3*t(j). What is r(-2)?
3
Let g(t) = -t - 14. Let n be g(-10). Let i be 2/n - (-18)/4. Let a(p) = p**2 - 4*p + 3. Calculate a(i).
3
Let m be (-4)/10 - (-4)/10. Suppose m = -5*p - 31 + 6. Let f(a) be the third derivative of -a**4/12 - 5*a**3/6 + 34*a**2. Give f(p).
5
Let s(j) be the first derivative of -j**4/4 + 2*j**3 - 3*j**2 + 3*j + 90. Let g(p) = -p**3 - 3*p**2 + 3*p + 1. Let d be g(-4). Calculate s(d).
-2
Let d(c) = 12*c**2 - 3*c**2 + 16 - 4*c**2 + 6*c**2 - 11*c. Let g(n) = 5*n**2 - 5*n + 8. Let k(i) = 6*d(i) - 13*g(i). What is k(0)?
-8
Suppose h - 2 + 5 = 0. Let o(t) be the third derivative of t**6/120 + t**5/15 - 2*t**3/3 + t**2. Give o(h).
5
Suppose 0 = 10*a - 6*a - 92. Suppose 9 = -2*f + a. Let v(b) = -b**2 + 5*b + 8. Calculate v(f).
-6
Let t(h) be the second derivative of h**4/12 + 7*h**3/6 + 9*h**2/2 - 2*h. Let c be (-154)/(-10) + 6/(-15). Suppose -11*g + c*g = -24. Give t(g).
3
Let j(m) = 5*m**3 + 5*m**2 - 8*m. Let o(l) = -l - l**3 - l**2 - 2 + 2*l + 2. Let d(u) = -j(u) - 4*o(u). Suppose 8 - 20 = 4*c. Determine d(c).
6
Let s(c) = 4 - 8 + 2 + c**2. What is s(3)?
7
Let m(r) be the third derivative of -r**4/24 - r**3/6 - 7*r**2. What is m(-2)?
1
Let w(x) = x**2 - 13 - 13 - x**3 + 27 + x. What is w(2)?
-1
Let u(l) = 2*l**2 + 5*l**2 + l**3 - 1 - 4*l - 3*l**2. Let d be (7/2)/((-2)/4). Let i = d - -2. Calculate u(i).
-6
Let w(p) be the first derivative of p**4/2 - 2*p**3/3 - 2*p**2 - 3*p + 2. Let f(z) = 3*z**3 - 5*z**2 - 8*z - 6. Let o(q) = -3*f(q) + 5*w(q). Determine o(-4).
3
Let o = 3 + -5. Let c be (-16)/6 - o/(-6). Let b(a) be the first derivative of a**4/4 + 2*a**3/3 - a**2/2 - 7. Calculate b(c).
-6
Let f(p) = p**2 - 2*p - 6. Let l be f(-2). Let d(k) = 3*k**2. Determine d(l).
12
Let c(u) = -14*u**2 - 2 + 2*u**3 + 34*u**2 - 4*u**2 - 13*u**2. Give c(-2).
-6
Let f(c) = 2*c + 3. Let w(o) = 5*o**3 + 6*o**2 - 11*o - 2. Let n(k) = k**3 - k. Let v = -2 - 2. Let p(u) = v*n(u) + w(u). Let a be p(-7). What is f(a)?
-1
Let l(p) = 4*p - 6. Let v(i) = -i**2 - 4*i + 2. Let d be v(-3). Calculate l(d).
14
Let g(x) = -2*x**2. Let t be 3*(-1)/(-6)*2. Let v(j) = 5*j**2 - 6*j - 3 + t + 5*j**3 - 4*j**3. Let b be v(-6). Calculate g(b).
-8
Let y(v) = -4*v + 2. Suppose 2*u = -2*u + 12. Give y(u).
-10
Let x = -26 - -29. Let t(o) = -o**3 + o**2 - o + 2. Calculate t(x).
-19
Let u = 23 + 3. Suppose -5*r + u = 6. Let i(k) = -k**3 + 5*k**2 - 6*k + 5. What is i(r)?
-3
Suppose 0 = -2*d - 68 + 80. Let q(b) = 0*b**2 + 4 + 0*b**2 + 5*b - b**2. Determine q(d).
-2
Let z be ((-2)/6)/((-1)/9). Let p(b) = 0*b**2 + 0*b**2 + 4*b**z - 3 + 4. Calculate p(-1).
-3
Let t(f) = -7*f**2 + 7*f + 8. Let a(h) = -3*h**2 + 4*h + 4. Let u(x) = -5*a(x) + 2*t(x). Let o be (-4 + 14/8)/((-3)/8). Determine u(o).
-4
Suppose 5 = 2*a - 5. Le